{"id":200,"date":"2026-04-20T10:38:54","date_gmt":"2026-04-20T15:38:54","guid":{"rendered":"https:\/\/redbioamazonia.sinapsisdev.com\/?post_type=comite_miembro&#038;p=200"},"modified":"2026-05-10T17:48:47","modified_gmt":"2026-05-10T22:48:47","slug":"luz-marina-mantilla-cardenas","status":"publish","type":"comite_miembro","link":"https:\/\/redbioamazonia.sinapsisdev.com\/pt\/comite_miembro\/luz-marina-mantilla-cardenas\/","title":{"rendered":"Luz Marina Mantilla C\u00e1rdenas"},"content":{"rendered":"<p>Licenciada em Biologia e Qu\u00edmica. Possui estudos de mestrado em Biologia (\u00e1rea Micologia) pela Universidad de los Andes e estudos de mestrado em Governo e Pol\u00edticas P\u00fablicas pela Universidad Externado de Colombia. Tem sido pesquisadora e professora universit\u00e1ria. Atualmente, atua como Diretora Geral do Instituto SINCHI. Durante sua gest\u00e3o, conseguiu consolidar temas de pesquisa cient\u00edfica relacionados, entre outros, aos invent\u00e1rios de flora, fauna e microbiota; utiliza\u00e7\u00e3o da oferta de biodiversidade da regi\u00e3o amaz\u00f4nica mediante a gera\u00e7\u00e3o de conhecimento, inova\u00e7\u00e3o e transfer\u00eancia de tecnologia para as comunidades locais; gera\u00e7\u00e3o de informa\u00e7\u00e3o para o pa\u00eds em termos da Amaz\u00f4nia; conhecimento das fronteiras e os aspectos necess\u00e1rios que devem ser considerados para o desenho e implementa\u00e7\u00e3o de pol\u00edticas p\u00fablicas que contribuam para o desenvolvimento sustent\u00e1vel e a conserva\u00e7\u00e3o da regi\u00e3o Amaz\u00f4nica. Recentemente, foi eleita presidente da Rede Bioamaz\u00f4nia \u2013 Institutos de Pesquisa e Inova\u00e7\u00e3o sobre a Biodiversidade, que re\u00fane os principais institutos de pesquisa dos pa\u00edses do bioma amaz\u00f4nico.<\/p>","protected":false},"excerpt":{"rendered":"<p>Licenciada en Biolog\u00eda y Qu\u00edmica. Tiene estudios de maestr\u00eda en Biolog\u00eda (\u00e1rea Micolog\u00eda) en la Universidad de los Andes y estudios de maestr\u00eda en Gobierno y Pol\u00edticas P\u00fablicas en la Universidad Externado de Colombia. Ha sido investigadora y profesora universitaria. Actualmente, se desempe\u00f1a como Directora General del Instituto SINCHI. Durante su gesti\u00f3n ha logrado consolidar [&hellip;]<\/p>\n","protected":false},"featured_media":47,"template":"","comite_grupo":[],"comite_pais":[22],"comite_institucion":[14],"comite_tipo_organizacion":[25],"class_list":["post-200","comite_miembro","type-comite_miembro","status-publish","has-post-thumbnail","hentry","comite_pais-colombia","comite_institucion-instituto-sinchi","comite_tipo_organizacion-comite-directivo"],"acf":[],"yoast_head":"<!-- This site is optimized with the Yoast SEO Premium plugin v22.6 (Yoast SEO v28.1) - https:\/\/yoast.com\/product\/yoast-seo-premium-wordpress\/ -->\n<title>Luz Marina Mantilla C\u00e1rdenas - redbioamazonia<\/title>\n<meta name=\"robots\" content=\"noindex, follow, max-snippet:-1, max-image-preview:large, max-video-preview:-1\" \/>\n<meta property=\"og:locale\" content=\"pt_BR\" \/>\n<meta property=\"og:type\" content=\"article\" \/>\n<meta property=\"og:title\" content=\"Luz Marina Mantilla C\u00e1rdenas\" \/>\n<meta property=\"og:description\" content=\"Licenciada en Biolog\u00eda y Qu\u00edmica. Tiene estudios de maestr\u00eda en Biolog\u00eda (\u00e1rea Micolog\u00eda) en la Universidad de los Andes y estudios de maestr\u00eda en Gobierno y Pol\u00edticas P\u00fablicas en la Universidad Externado de Colombia. Ha sido investigadora y profesora universitaria. Actualmente, se desempe\u00f1a como Directora General del Instituto SINCHI. Durante su gesti\u00f3n ha logrado consolidar [&hellip;]\" \/>\n<meta property=\"og:url\" content=\"https:\/\/redbioamazonia.sinapsisdev.com\/pt\/comite_miembro\/luz-marina-mantilla-cardenas\/\" \/>\n<meta property=\"og:site_name\" content=\"redbioamazonia\" \/>\n<meta property=\"article:modified_time\" content=\"2026-05-10T22:48:47+00:00\" \/>\n<meta property=\"og:image\" content=\"https:\/\/redbioamazonia.sinapsisdev.com\/wp-content\/uploads\/2026\/04\/comite-1.png\" \/>\n\t<meta property=\"og:image:width\" content=\"508\" \/>\n\t<meta property=\"og:image:height\" content=\"531\" \/>\n\t<meta property=\"og:image:type\" content=\"image\/png\" \/>\n<meta name=\"twitter:card\" content=\"summary_large_image\" \/>\n<meta name=\"twitter:label1\" content=\"Est. tempo de leitura\" \/>\n\t<meta name=\"twitter:data1\" content=\"1 minuto\" \/>\n<script type=\"application\/ld+json\" class=\"yoast-schema-graph\">{\"@context\":\"https:\\\/\\\/schema.org\",\"@graph\":[{\"@type\":\"WebPage\",\"@id\":\"https:\\\/\\\/redbioamazonia.sinapsisdev.com\\\/comite_miembro\\\/luz-marina-mantilla-cardenas\\\/\",\"url\":\"https:\\\/\\\/redbioamazonia.sinapsisdev.com\\\/comite_miembro\\\/luz-marina-mantilla-cardenas\\\/\",\"name\":\"Luz Marina Mantilla C\u00e1rdenas - redbioamazonia\",\"isPartOf\":{\"@id\":\"https:\\\/\\\/redbioamazonia.sinapsisdev.com\\\/#website\"},\"primaryImageOfPage\":{\"@id\":\"https:\\\/\\\/redbioamazonia.sinapsisdev.com\\\/comite_miembro\\\/luz-marina-mantilla-cardenas\\\/#primaryimage\"},\"image\":{\"@id\":\"https:\\\/\\\/redbioamazonia.sinapsisdev.com\\\/comite_miembro\\\/luz-marina-mantilla-cardenas\\\/#primaryimage\"},\"thumbnailUrl\":\"https:\\\/\\\/redbioamazonia.sinapsisdev.com\\\/wp-content\\\/uploads\\\/2026\\\/04\\\/comite-1.png\",\"datePublished\":\"2026-04-20T15:38:54+00:00\",\"dateModified\":\"2026-05-10T22:48:47+00:00\",\"breadcrumb\":{\"@id\":\"https:\\\/\\\/redbioamazonia.sinapsisdev.com\\\/comite_miembro\\\/luz-marina-mantilla-cardenas\\\/#breadcrumb\"},\"inLanguage\":\"pt-BR\",\"potentialAction\":[{\"@type\":\"ReadAction\",\"target\":[\"https:\\\/\\\/redbioamazonia.sinapsisdev.com\\\/comite_miembro\\\/luz-marina-mantilla-cardenas\\\/\"]}]},{\"@type\":\"ImageObject\",\"inLanguage\":\"pt-BR\",\"@id\":\"https:\\\/\\\/redbioamazonia.sinapsisdev.com\\\/comite_miembro\\\/luz-marina-mantilla-cardenas\\\/#primaryimage\",\"url\":\"https:\\\/\\\/redbioamazonia.sinapsisdev.com\\\/wp-content\\\/uploads\\\/2026\\\/04\\\/comite-1.png\",\"contentUrl\":\"https:\\\/\\\/redbioamazonia.sinapsisdev.com\\\/wp-content\\\/uploads\\\/2026\\\/04\\\/comite-1.png\",\"width\":508,\"height\":531},{\"@type\":\"BreadcrumbList\",\"@id\":\"https:\\\/\\\/redbioamazonia.sinapsisdev.com\\\/comite_miembro\\\/luz-marina-mantilla-cardenas\\\/#breadcrumb\",\"itemListElement\":[{\"@type\":\"ListItem\",\"position\":1,\"name\":\"Inicio\",\"item\":\"\\\/\"},{\"@type\":\"ListItem\",\"position\":2,\"name\":\"Comit\u00e9s\",\"item\":\"https:\\\/\\\/redbioamazonia.sinapsisdev.com\\\/comite_miembro\\\/\"},{\"@type\":\"ListItem\",\"position\":3,\"name\":\"Luz Marina Mantilla C\u00e1rdenas\"}]},{\"@type\":\"WebSite\",\"@id\":\"https:\\\/\\\/redbioamazonia.sinapsisdev.com\\\/#website\",\"url\":\"https:\\\/\\\/redbioamazonia.sinapsisdev.com\\\/\",\"name\":\"redbioamazonia\",\"description\":\"\",\"potentialAction\":[{\"@type\":\"SearchAction\",\"target\":{\"@type\":\"EntryPoint\",\"urlTemplate\":\"https:\\\/\\\/redbioamazonia.sinapsisdev.com\\\/?s={search_term_string}\"},\"query-input\":{\"@type\":\"PropertyValueSpecification\",\"valueRequired\":true,\"valueName\":\"search_term_string\"}}],\"inLanguage\":\"pt-BR\"}]}<\/script>\n<!-- \/ Yoast SEO Premium plugin. -->","yoast_head_json":{"title":"Luz Marina Mantilla C\u00e1rdenas - redbioamazonia","robots":{"index":"noindex","follow":"follow","max-snippet":"max-snippet:-1","max-image-preview":"max-image-preview:large","max-video-preview":"max-video-preview:-1"},"og_locale":"pt_BR","og_type":"article","og_title":"Luz Marina Mantilla C\u00e1rdenas","og_description":"Licenciada en Biolog\u00eda y Qu\u00edmica. Tiene estudios de maestr\u00eda en Biolog\u00eda (\u00e1rea Micolog\u00eda) en la Universidad de los Andes y estudios de maestr\u00eda en Gobierno y Pol\u00edticas P\u00fablicas en la Universidad Externado de Colombia. Ha sido investigadora y profesora universitaria. Actualmente, se desempe\u00f1a como Directora General del Instituto SINCHI. Durante su gesti\u00f3n ha logrado consolidar [&hellip;]","og_url":"https:\/\/redbioamazonia.sinapsisdev.com\/pt\/comite_miembro\/luz-marina-mantilla-cardenas\/","og_site_name":"redbioamazonia","article_modified_time":"2026-05-10T22:48:47+00:00","og_image":[{"width":508,"height":531,"url":"https:\/\/redbioamazonia.sinapsisdev.com\/wp-content\/uploads\/2026\/04\/comite-1.png","type":"image\/png"}],"twitter_card":"summary_large_image","twitter_misc":{"Est. tempo de leitura":"1 minuto"},"schema":{"@context":"https:\/\/schema.org","@graph":[{"@type":"WebPage","@id":"https:\/\/redbioamazonia.sinapsisdev.com\/comite_miembro\/luz-marina-mantilla-cardenas\/","url":"https:\/\/redbioamazonia.sinapsisdev.com\/comite_miembro\/luz-marina-mantilla-cardenas\/","name":"Luz Marina Mantilla C\u00e1rdenas - redbioamazonia","isPartOf":{"@id":"https:\/\/redbioamazonia.sinapsisdev.com\/#website"},"primaryImageOfPage":{"@id":"https:\/\/redbioamazonia.sinapsisdev.com\/comite_miembro\/luz-marina-mantilla-cardenas\/#primaryimage"},"image":{"@id":"https:\/\/redbioamazonia.sinapsisdev.com\/comite_miembro\/luz-marina-mantilla-cardenas\/#primaryimage"},"thumbnailUrl":"https:\/\/redbioamazonia.sinapsisdev.com\/wp-content\/uploads\/2026\/04\/comite-1.png","datePublished":"2026-04-20T15:38:54+00:00","dateModified":"2026-05-10T22:48:47+00:00","breadcrumb":{"@id":"https:\/\/redbioamazonia.sinapsisdev.com\/comite_miembro\/luz-marina-mantilla-cardenas\/#breadcrumb"},"inLanguage":"pt-BR","potentialAction":[{"@type":"ReadAction","target":["https:\/\/redbioamazonia.sinapsisdev.com\/comite_miembro\/luz-marina-mantilla-cardenas\/"]}]},{"@type":"ImageObject","inLanguage":"pt-BR","@id":"https:\/\/redbioamazonia.sinapsisdev.com\/comite_miembro\/luz-marina-mantilla-cardenas\/#primaryimage","url":"https:\/\/redbioamazonia.sinapsisdev.com\/wp-content\/uploads\/2026\/04\/comite-1.png","contentUrl":"https:\/\/redbioamazonia.sinapsisdev.com\/wp-content\/uploads\/2026\/04\/comite-1.png","width":508,"height":531},{"@type":"BreadcrumbList","@id":"https:\/\/redbioamazonia.sinapsisdev.com\/comite_miembro\/luz-marina-mantilla-cardenas\/#breadcrumb","itemListElement":[{"@type":"ListItem","position":1,"name":"Inicio","item":"\/"},{"@type":"ListItem","position":2,"name":"Comit\u00e9s","item":"https:\/\/redbioamazonia.sinapsisdev.com\/comite_miembro\/"},{"@type":"ListItem","position":3,"name":"Luz Marina Mantilla C\u00e1rdenas"}]},{"@type":"WebSite","@id":"https:\/\/redbioamazonia.sinapsisdev.com\/#website","url":"https:\/\/redbioamazonia.sinapsisdev.com\/","name":"redbioamazonia","description":"","potentialAction":[{"@type":"SearchAction","target":{"@type":"EntryPoint","urlTemplate":"https:\/\/redbioamazonia.sinapsisdev.com\/?s={search_term_string}"},"query-input":{"@type":"PropertyValueSpecification","valueRequired":true,"valueName":"search_term_string"}}],"inLanguage":"pt-BR"}]}},"_links":{"self":[{"href":"https:\/\/redbioamazonia.sinapsisdev.com\/pt\/wp-json\/wp\/v2\/comite_miembro\/200","targetHints":{"allow":["GET"]}}],"collection":[{"href":"https:\/\/redbioamazonia.sinapsisdev.com\/pt\/wp-json\/wp\/v2\/comite_miembro"}],"about":[{"href":"https:\/\/redbioamazonia.sinapsisdev.com\/pt\/wp-json\/wp\/v2\/types\/comite_miembro"}],"wp:featuredmedia":[{"embeddable":true,"href":"https:\/\/redbioamazonia.sinapsisdev.com\/pt\/wp-json\/wp\/v2\/media\/47"}],"wp:attachment":[{"href":"https:\/\/redbioamazonia.sinapsisdev.com\/pt\/wp-json\/wp\/v2\/media?parent=200"}],"wp:term":[{"taxonomy":"comite_grupo","embeddable":true,"href":"https:\/\/redbioamazonia.sinapsisdev.com\/pt\/wp-json\/wp\/v2\/comite_grupo?post=200"},{"taxonomy":"comite_pais","embeddable":true,"href":"https:\/\/redbioamazonia.sinapsisdev.com\/pt\/wp-json\/wp\/v2\/comite_pais?post=200"},{"taxonomy":"comite_institucion","embeddable":true,"href":"https:\/\/redbioamazonia.sinapsisdev.com\/pt\/wp-json\/wp\/v2\/comite_institucion?post=200"},{"taxonomy":"comite_tipo_organizacion","embeddable":true,"href":"https:\/\/redbioamazonia.sinapsisdev.com\/pt\/wp-json\/wp\/v2\/comite_tipo_organizacion?post=200"}],"curies":[{"name":"wp","href":"https:\/\/api.w.org\/{rel}","templated":true}]}}

Luz Marina Mantilla Cárdenas

<p>Licenciada em Biologia e Química. Possui estudos de mestrado em Biologia (área Micologia) pela Universidad de los Andes e estudos de mestrado em Governo e Políticas Públicas pela Universidad Externado de Colombia. Tem sido pesquisadora e professora universitária. Atualmente, atua como Diretora Geral do Instituto SINCHI. Durante sua gestão, conseguiu consolidar temas de pesquisa científica relacionados, entre outros, aos inventários de flora, fauna e microbiota; utilização da oferta de biodiversidade da região amazônica mediante a geração de conhecimento, inovação e transferência de tecnologia para as comunidades locais; geração de informação para o país em termos da Amazônia; conhecimento das fronteiras e os aspectos necessários que devem ser considerados para o desenho e implementação de políticas públicas que contribuam para o desenvolvimento sustentável e a conservação da região Amazônica. Recentemente, foi eleita presidente da Rede Bioamazônia – Institutos de Pesquisa e Inovação sobre a Biodiversidade, que reúne os principais institutos de pesquisa dos países do bioma amazônico.</p>

<p>Licenciada en Biología y Química. Tiene estudios de maestría en Biología (área Micología) en la Universidad de los Andes y estudios de maestría en Gobierno y Políticas Públicas en la Universidad Externado de Colombia. Ha sido investigadora y profesora universitaria. Actualmente, se desempeña como Directora General del Instituto SINCHI. Durante su gestión ha logrado consolidar [&hellip;]</p>

<!-- This site is optimized with the Yoast SEO Premium plugin v22.6 (Yoast SEO v28.1) - https://yoast.com/product/yoast-seo-premium-wordpress/ -->
<title>Luz Marina Mantilla Cárdenas - redbioamazonia</title>
<meta name="robots" content="noindex, follow, max-snippet:-1, max-image-preview:large, max-video-preview:-1" />
<meta property="og:locale" content="pt_BR" />
<meta property="og:type" content="article" />
<meta property="og:title" content="Luz Marina Mantilla Cárdenas" />
<meta property="og:description" content="Licenciada en Biología y Química. Tiene estudios de maestría en Biología (área Micología) en la Universidad de los Andes y estudios de maestría en Gobierno y Políticas Públicas en la Universidad Externado de Colombia. Ha sido investigadora y profesora universitaria. Actualmente, se desempeña como Directora General del Instituto SINCHI. Durante su gestión ha logrado consolidar [&hellip;]" />
<meta property="og:url" content="https://redbioamazonia.sinapsisdev.com/pt/comite_miembro/luz-marina-mantilla-cardenas/" />
<meta property="og:site_name" content="redbioamazonia" />
<meta property="article:modified_time" content="2026-05-10T22:48:47+00:00" />
<meta property="og:image" content="https://redbioamazonia.sinapsisdev.com/wp-content/uploads/2026/04/comite-1.png" />
	<meta property="og:image:width" content="508" />
	<meta property="og:image:height" content="531" />
	<meta property="og:image:type" content="image/png" />
<meta name="twitter:card" content="summary_large_image" />
<meta name="twitter:label1" content="Est. tempo de leitura" />
	<meta name="twitter:data1" content="1 minuto" />
<script type="application/ld+json" class="yoast-schema-graph">{"@context":"https:\/\/schema.org","@graph":[{"@type":"WebPage","@id":"https:\/\/redbioamazonia.sinapsisdev.com\/comite_miembro\/luz-marina-mantilla-cardenas\/","url":"https:\/\/redbioamazonia.sinapsisdev.com\/comite_miembro\/luz-marina-mantilla-cardenas\/","name":"Luz Marina Mantilla Cárdenas - redbioamazonia","isPartOf":{"@id":"https:\/\/redbioamazonia.sinapsisdev.com\/#website"},"primaryImageOfPage":{"@id":"https:\/\/redbioamazonia.sinapsisdev.com\/comite_miembro\/luz-marina-mantilla-cardenas\/#primaryimage"},"image":{"@id":"https:\/\/redbioamazonia.sinapsisdev.com\/comite_miembro\/luz-marina-mantilla-cardenas\/#primaryimage"},"thumbnailUrl":"https:\/\/redbioamazonia.sinapsisdev.com\/wp-content\/uploads\/2026\/04\/comite-1.png","datePublished":"2026-04-20T15:38:54+00:00","dateModified":"2026-05-10T22:48:47+00:00","breadcrumb":{"@id":"https:\/\/redbioamazonia.sinapsisdev.com\/comite_miembro\/luz-marina-mantilla-cardenas\/#breadcrumb"},"inLanguage":"pt-BR","potentialAction":[{"@type":"ReadAction","target":["https:\/\/redbioamazonia.sinapsisdev.com\/comite_miembro\/luz-marina-mantilla-cardenas\/"]}]},{"@type":"ImageObject","inLanguage":"pt-BR","@id":"https:\/\/redbioamazonia.sinapsisdev.com\/comite_miembro\/luz-marina-mantilla-cardenas\/#primaryimage","url":"https:\/\/redbioamazonia.sinapsisdev.com\/wp-content\/uploads\/2026\/04\/comite-1.png","contentUrl":"https:\/\/redbioamazonia.sinapsisdev.com\/wp-content\/uploads\/2026\/04\/comite-1.png","width":508,"height":531},{"@type":"BreadcrumbList","@id":"https:\/\/redbioamazonia.sinapsisdev.com\/comite_miembro\/luz-marina-mantilla-cardenas\/#breadcrumb","itemListElement":[{"@type":"ListItem","position":1,"name":"Inicio","item":"\/"},{"@type":"ListItem","position":2,"name":"Comités","item":"https:\/\/redbioamazonia.sinapsisdev.com\/comite_miembro\/"},{"@type":"ListItem","position":3,"name":"Luz Marina Mantilla Cárdenas"}]},{"@type":"WebSite","@id":"https:\/\/redbioamazonia.sinapsisdev.com\/#website","url":"https:\/\/redbioamazonia.sinapsisdev.com\/","name":"redbioamazonia","description":"","potentialAction":[{"@type":"SearchAction","target":{"@type":"EntryPoint","urlTemplate":"https:\/\/redbioamazonia.sinapsisdev.com\/?s={search_term_string}"},"query-input":{"@type":"PropertyValueSpecification","valueRequired":true,"valueName":"search_term_string"}}],"inLanguage":"pt-BR"}]}</script>
<!-- / Yoast SEO Premium plugin. -->

Luz Marina Mantilla Cárdenas - redbioamazonia

Licenciada en Biología y Química. Tiene estudios de maestría en Biología (área Micología) en la Universidad de los Andes y estudios de maestría en Gobierno y Políticas Públicas en la Universidad Externado de Colombia. Ha sido investigadora y profesora universitaria. Actualmente, se desempeña como Directora General del Instituto SINCHI. Durante su gestión ha logrado consolidar [&hellip;]

Comités
